nd derivative of -i**3/6 + 6*i**2 - 3*i. Suppose 25 + 124 = 4*k - 3*c, -131 = -4*k - 3*c. What is the remainder when k is divided by d(0)?
11
Let p = -2 + 3. Let j = 4 - p. Let t(v) = 11*v - 1. What is the remainder when t(j) is divided by 11?
10
What is the remainder when (-111)/(-5) - ((-42)/15 - -3) is divided by 5?
2
Suppose -4*p + 2*p = -4. Suppose -35 = -3*x - p*x. Suppose 3*o = 6*o + 2*m - 45, 2*o - 2*m = 20. What is the remainder when o is divided by x?
6
Let u be 6/(-27) + (-52)/9. Suppose -3*x = 4*z - 6*z + 6, -2*x - 2 = -2*z. What is the remainder when (-102)/x*(-4)/u is divided by 9?
8
Let x(b) = -b**2 + 10*b - 5. Let y = -2 + 9. What is the remainder when x(5) is divided by y?
6
Suppose -12 = 3*u, 56 = -4*c + u - 5*u. Let v = c - -21. Calculate the remainder when 31 is divided by v.
9
Let z(n) = 14*n - 16. Let k = 78 - 52. Suppose -k - 19 = -5*o. What is the remainder when z(3) is divided by o?
8
Let r = 15 + -6. What is the remainder when 42 is divided by r?
6
Suppose -5*f + 2*k - 16 = 5*k, -f + k = 8. Let u(c) = 3*c**2 + 4. What is the remainder when u(f) is divided by 20?
19
Let v = 47 - 90. Let f = v + 89. What is the remainder when f is divided by 12?
10
Let o(x) = -x**3 - 5*x**2 - 7*x + 2. Let t be o(-5). Let m = t - 21. Calculate the remainder when m is divided by 1*(-1 - 2)*-3.
7
Suppose 4*a = 61 + 7. What is the remainder when 31 is divided by a?
14
Suppose 2*w - 4*d = -2*w - 52, 0 = -5*w - d - 41. Let n = w - -25. Suppose -10 = -2*a + 5*f + 17, 0 = -4*f - 12. Calculate the remainder when n is divided by a.
4
Let p(g) = -g**2 + 10*g - 5. Let c be p(9). Suppose -3*s - 8 = -s, 4*k - c*s = 104. Calculate the remainder when 43 is divided by k.
21
Let w(d) = -6*d - 11. What is the remainder when w(-14) is divided by 19?
16
Let j = -8 - -12. Let y be (3 - 6 - -8) + 0. Let t(b) = -b**2 + 5*b + 2. What is the remainder when j is divided by t(y)?
0
Suppose 4*d = b - 90, d + 0*d = -4*b + 309. What is the remainder when -2 - (-2 - -1 - 26) is divided by b/(-9)*9/(-6)?
12
Let n(g) = -g**3 + 16*g**2 - 28*g + 19. Let y = -72 - -127. Calculate the remainder when y is divided by n(14).
17
Let u(a) = a**3 - 5*a**2 + 4*a + 1. Let q be u(4). Suppose 0 = r - 10 + q. What is the remainder when r is divided by 4?
1
Suppose -s = -v - 3, -4*s = 3*v - 9*s + 13. Let r(y) = y**2 + 2*y + 1. Calculate the remainder when (-4)/(-2) + v - -25 is divided by r(-4).
8
Let p = -52 - -64. What is the remainder when 80 is divided by p?
8
Suppose -5*m + 3*m = 42. Suppose -4*a + 119 - 31 = 2*x, 2*a - 146 = -4*x. Let s = m + x. Calculate the remainder when 37 is divided by s.
11
Suppose 0 = 4*h + 5*i - 44 + 17, -4*h + 4*i = 0. Suppose -h*l = 18 - 216. Suppose -4*q = -q - l. What is the remainder when q is divided by 8?
6
Suppose -p = -4, d - 5*p = -3*p + 2. What is the remainder when d is divided by 6?
4
Let n(g) = 19*g**2 - 4*g + 5. Calculate the remainder when n(2) is divided by 37.
36
Let t(m) = 2 + m**2 - 6*m - 4*m + 0*m. Calculate the remainder when t(10) is divided by 2.
0
Let v = 45 - 32. Suppose 5*r - 32 = v. Suppose 2*p + l - 4 = p, -3*p - 2*l + 13 = 0. What is the remainder when r is divided by p?
4
Suppose -4*x + v = 5*v - 196, -4*x = 5*v - 191. Calculate the remainder when x is divided by 14.
12
Suppose -240 = -8*u - 48. What is the remainder when 94 is divided by u?
22
Suppose -5*l = -25, -4*l + 5*l - 12 = t. Let j = -2 - t. Suppose -2 = 2*y - 4*q - 46, -4*y + 76 = -j*q. What is the remainder when y is divided by 8?
6
Suppose 3*o - 7*o = -472. Suppose -n + 0*r = -r - 22, 5*n - o = r. What is the remainder when n is divided by 14?
10
Suppose u = -4*u + 30. Calculate the remainder when u is divided by 2.
0
Let v be -28*(-2 + 0 + 1). Suppose 5*i + v = i. Let u = 11 + i. What is the remainder when 10 is divided by u?
2
Suppose -31 = -2*j + 39. Calculate the remainder when j is divided by 13.
9
Suppose -3*j = -60 + 15. Calculate the remainder when j is divided by 34/6 - -4*(-7)/(-84).
3
Suppose 0 = -4*c + 12, -i + c = -4*c - 30. Calculate the remainder when i is divided by 10.
5
Let y = 11 + -5. Calculate the remainder when y is divided by ((-33)/44)/(2/((-64)/6)).
2
Let u(d) = d**2 + 6. Suppose -j + 59 + 32 = 0. What is the remainder when j is divided by u(5)?
29
Suppose 20 = 6*u - 106. Calculate the remainder when 80 is divided by u.
17
Let q = -43 + 84. Calculate the remainder when q is divided by 22.
19
Let n = 47 - -7. What is the remainder when n is divided by 14?
12
Let c(m) = -2*m - 6. Let o be c(-4). Suppose -o*g - 10 = 3*g. Let a = 5 - g. Calculate the remainder when a is divided by 4.
3
Suppose -2*z = -6 - 12. What is the remainder when ((-24)/5)/(9/(-30)) is divided by z?
7
Let m(h) = 2*h**2 + h. Let z be m(1). What is the remainder when 29 is divided by (-1)/(-4 + z) + 14?
14
Let n = 52 + -37. What is the remainder when 58 is divided by n?
13
Suppose z = -2*j + 4, -3*j = z + z - 11. Suppose -n + 31 = -4*r, r + 2*r + n + 18 = 0. Calculate the remainder when r*3*z/(-15) is divided by 8.
6
Let l(z) = -2*z**3 - 1. Let f be l(1). Let d = f - -8. Calculate the remainder when 2*7*2/2 is divided by d.
4
Let k(w) be the third derivative of w**6/120 - w**5/60 - w**4/4 + 5*w**3/6 + w**2. What is the remainder when k(4) is divided by -7 + 9/3 - -4*3?
5
Let d = 56 + -30. Calculate the remainder when 49 is divided by d.
23
Let t(w) = -w + 9. Let v be t(5). Let c = 14 - v. Calculate the remainder when 27 is divided by c.
7
Let m = -12 + 13. Suppose 0 = -3*y - 7 + 31. Let k = y + -5. Calculate the remainder when k is divided by m.
0
Suppose 0 = 35*r - 33*r - 96. Calculate the remainder when r is divided by 27.
21
What is the remainder when 164 is divided by 0 - 190/(-5) - -4?
38
Let y(k) = -9*k - 2. Suppose -16 = -3*x - x, -2*x - 4 = -3*v. Suppose -h = v - 0. What is the remainder when y(h) is divided by 18?
16
Suppose -2*y + 62 = -3*o + 6*o, 2*o - 31 = -y. Calculate the remainder when y is divided by 11.
9
Let g(q) be the first derivative of 19*q**2 - q + 4. What is the remainder when g(1) is divided by 10?
7
Suppose 118*j + 30 = 120*j. What is the remainder when j is divided by 17/4 - 4/16?
3
Let f be 2/(-4)*(-11 + -3). Suppose 0 = -n + 2*n - f. What is the remainder when 19 is divided by n?
5
Suppose -3*r + 32 = -r. Calculate the remainder when 11 is divided by 4/r - (-46)/8.
5
Let f(u) = -12*u + 6. Suppose -g - 4*g + 70 = 0. Calculate the remainder when f(-4) is divided by g.
12
Let m(o) = -o**3 - 2*o**2 - 4*o - 4. Let q(s) = -2*s**3 - 4*s**2 - 9*s - 9. Let r(i) = 5*m(i) - 2*q(i). What is the remainder when 4 is divided by r(-2)?
0
Let f(r) = -r**2 - 7*r + 4. Let x be f(-9). Let b = 34 + x. Calculate the remainder when 38 - (0/4)/1 is divided by b.
18
What is the remainder when 16 is divided by (-7)/((-1)/(3/3))?
2
Suppose -71 = 5*c + 29. Let z = c + 34. Calculate the remainder when 26 is divided by z.
12
Suppose -u = -r - 3, 3*u - 2*r = 2*r + 5. Suppose 0*y - y - 2*s = -6, 5*s + 39 = 2*y. Calculate the remainder when y is divided by u.
5
Let j be (-8)/(-3)*234/52. Let s = -2 - -7. Suppose j = -s*b + 247. Calculate the remainder when b is divided by 16.
15
Suppose -a + 9 = 3. What is the remainder when 10 is divided by a?
4
Let s be 0 + (-12 - 0)/(-3). What is the remainder when 2 is divided by 4 + (-3)/(6/s)?
0
Calculate the remainder when 166 is divided by -1 - (4/10 + (-868)/20).
40
Let s(n) = -n - 2. Suppose 0 = -5*w + 2 + 18, -3*i - 4*w = -4. Let u be s(i). What is the remainder when 43 is divided by 13 - 1/((-1)/u)?
13
Let i be ((-9)/2)/((-1)/10). Let s = i - -21. Calculate the remainder when s is divided by (-5 - -1) + (86 - 65).
15
Suppose -2*y + 32 - 8 = 0. What is the remainder when y is divided by 7?
5
Suppose -328 = 4*k - d, 2*d = 2*k - 39 + 197. What is the remainder when (5 + k)/((-3)/2) is divided by 18?
16
Suppose 9*w - 70 = 4*w. Let f = w - 0. Calculate the remainder when 40 is divided by f.
12
Let m = 3 + 7. Calculate the remainder when 38 is divided by m.
8
Let h(t) = t**3 - 9*t**2 + 3*t. Let s(i) = 3*i**2 + 2*i + 1. Let q be s(-2). Let r be h(q). Let o = r + -16. What is the remainder when 21 is divided by o?
10
Let k = 38 - 24. What is the remainder when 40 is divided by k?
12
What is the remainder when 8/(-20) - (-51)/15 is di